v**3 + 7*v**2 + 4*v - 8. Let o be c(-6). Let z = 11 - o. What is r(z)?
5
Let y(h) be the third derivative of -h**4/6 - h**3 - 2*h**2 - 5. Suppose 16 = 4*c - 8*c. What is y(c)?
10
Let g be 0*(-1 + 4 + -2). Let d(m) be the second derivative of m + g*m**2 + 1/12*m**4 + 0 + 0*m**3. What is d(1)?
1
Suppose 0 = 3*j + 6 + 6. Let d = 32 - 26. Let o(a) = 2 + 37*a - 5 + d - 36*a. Calculate o(j).
-1
Suppose 4*y - 10*o + 6*o + 364 = 0, 2*y + 162 = -3*o. Let z = y - -91. Let n(u) = u**3 - 6*u**2 + u - 3. Calculate n(z).
-31
Let o(b) = -2*b**3 + 10*b**2 - 3*b + 9. Let p(m) = -m**3 + 9*m**2 + 9. Let w(k) = -2*o(k) + 3*p(k). Give w(-5).
29
Let t be 2/4*96/8. Let x(j) = -j - 1. Let v(i) = -4*i + 2. Let s(a) = -v(a) + 3*x(a). Determine s(t).
1
Let w be -9 + 18 + -19 - 2. Let f(k) = k**2 + 10*k - 6. Determine f(w).
18
Let l = -58 + 63. Let i(b) = -4 + b**2 + l + 4 + 7*b. What is i(-5)?
-5
Let c(q) = -q - 3 - 3*q**2 + 2 + 9 + 4*q**2 + 0*q. Calculate c(7).
50
Let p = 73 + -24. Suppose 0 = -9*o - p + 4. Let v(f) = -f**2 - 5*f - 3. What is v(o)?
-3
Let c(r) = r**2. Let v be 77/(-42) + 2/(-12). Let a be c(v). Let l(b) = a - b - 4. Determine l(5).
-5
Let s(f) = f**2 - 6*f + 3. Let i = 53 - 51. Suppose -2*b - i = 4*z, -5*b = -8*b - z + 12. Give s(b).
-2
Let c(h) = h**3 + 9*h**2 - 10*h - 4. Suppose 0 = 2*d + 2*d + a + 37, 5*a - 65 = 5*d. Give c(d).
-4
Let s(d) = -7 - 39*d**3 + 8 + 15*d**2 - 2*d - 13*d**2. What is s(1)?
-38
Suppose -3*j - j - 4 = 0. Let y be j*(-1 + -1 + 0). Let n(d) = -2*d + d**3 + 16*d**2 - 20*d**y - 2*d. Determine n(5).
5
Let d(h) = h - 17. Suppose -2*a - 37 + 35 = 0, -4*j = a - 47. Calculate d(j).
-5
Let x(o) = 203*o - 108*o - 17 - 98*o. What is x(-7)?
4
Let b(i) = i**2 + 6*i + 4. Let m(y) = 45*y - y**2 - 7 - 51*y + 3 + 1. Let w(x) = 6*b(x) + 5*m(x). Give w(-6).
9
Let r(d) = -d**2 + 7*d + 5. Let c be r(8). Let j(k) be the third derivative of -k**4/6 + k**3/2 + 4*k**2. Determine j(c).
15
Let g(c) be the third derivative of 0 - 2/3*c**3 - 1/8*c**4 + 0*c + 9*c**2. Suppose t = -4 + 1. Determine g(t).
5
Let l(o) be the first derivative of -o**6/120 - o**5/60 + o**4/24 + 3*o**3 - 15. Let w(p) be the third derivative of l(p). What is w(1)?
-4
Let h(r) = -r**3 - 11*r**2 + 18*r + 59. Let i be h(-12). Let n(b) = b**2 + 15*b + 20. What is n(i)?
-6
Let c(w) = 2*w**3 - 4*w**2 + 12*w + 1. Let h(a) = a**3 - a**2 + a. Let o(q) = -c(q) + 3*h(q). Give o(-4).
-13
Let b be (-4)/5*(-4 + -1). Suppose -o = -0 - 1, b*l + 12 = 4*o. Let f(p) = -1 - 3*p + 1 - p. Determine f(l).
8
Suppose 6*j = 4*j + 4. Let t(i) = -4*i - 1 + 2*i - 2 - i**2 + j. Suppose 0 = 3*o, 4*n + 5*o - 4 = -12. Determine t(n).
-1
Let p(l) be the second derivative of l**4/12 - 2*l**3/3 + 7*l**2/2 - 25*l. Let i(r) = r**2 + 7*r + 1. Let b be i(-6). Let t = b - -10. Determine p(t).
12
Let p(u) = -2*u**3 - 5*u**2 + u + 7. Let v(y) = -y**3. Let g(n) = 2*n**3 + n**2 - 1. Let r(t) = 3*g(t) + 5*v(t). Let m(j) = -2*p(j) - 5*r(j). Determine m(-4).
-7
Suppose 24*u - 38 = -14. Let b(o) = o**2 - 1. Determine b(u).
0
Let b(w) be the third derivative of 1/60*w**5 + 0 - 7/24*w**4 + 0*w + 2*w**2 - w**3. Let j(r) = r**2 + 22*r - 41. Let n be j(-24). Determine b(n).
-6
Let z(y) be the first derivative of -y**7/840 - y**6/90 + y**5/24 - y**4/8 + 2*y**3 + 8. Let j(u) be the third derivative of z(u). Give j(-5).
-3
Let g = 11 - 16. Let x(v) = -5*v + 0*v - v**2 - 50 + 53. Let i be x(g). Let z(w) = -w**2 + 2*w + 4. Determine z(i).
1
Suppose 13 = 3*x - 17. Let t be -4*(-2 - x/(-8)). Suppose 0 = -t*d - 0*d - 21. Let c(b) = b + 5. What is c(d)?
-2
Suppose 15 = 3*n - 360. Let t(m) = -m - 4 - 1 + 1 + 4*m**2 - n*m**3 + 126*m**3. Calculate t(-4).
0
Let f(u) be the second derivative of -u**4/12 - 4*u**3/3 - 3*u**2 + u. Suppose -5*i = -10, 4*v - 4*i + 23 + 13 = 0. Determine f(v).
1
Let r(j) = 4 + 0 - 4*j - 3. Let v(i) be the first derivative of -i**3/3 - 9*i**2/2 - 19*i - 19. Let z be v(-6). Determine r(z).
5
Let x(a) = 4*a - 6*a + 3 - 6*a + 7*a + 1. Calculate x(3).
1
Let m = -27 + 15. Let v be (-2 - m/(-9))*(-9)/6. Let w(h) = h**3 - 5*h**2 - 2. Calculate w(v).
-2
Let i(x) = x + 14. Let c(s) = s**3 - 15*s**2 + 13*s + 16. Let y be c(14). Suppose y*o = 18 + 38. Suppose -5*g = 4*z + 44, 4*g + 7 = -3*z - o. What is i(g)?
6
Suppose 0 = 5*l + 5*j - 4*j - 13, -2*l - 2*j = -2. Let q(i) be the first derivative of -7 + 7/2*i**2 - 5*i - 1/3*i**l. Give q(6).
1
Let k(t) be the third derivative of -t**4/24 + 2*t**3/3 - 780*t**2. Suppose -2*q - 3*x + 24 = 0, x = q + 6*x - 26. Calculate k(q).
-2
Let i = -37 + 39. Suppose -7*l + i = 9. Let g(a) = 4*a - 1. Determine g(l).
-5
Let z = 26 + -22. Let l(y) = 38*y + 3*y**2 - z*y**2 - 43*y + 5 + 2*y**2. Give l(4).
1
Let i be ((-9)/18)/(1/18). Let b = 7 + i. Let j(w) = 2*w + 1. Determine j(b).
-3
Let i = 607 + -613. Let z(v) = -2*v - 11. Determine z(i).
1
Let m(l) = -34*l - 1. Let u(t) = 2*t**2 + 28*t + 47. Let s be u(-2). Determine m(s).
33
Suppose -2*b - 4*p = -0*b + 30, -12 = -4*p. Let w = b + 17. Let u(l) = -l**3 - 5*l**2 - 3*l - 3. Determine u(w).
-7
Let v(c) = c**2. Let g = -29 + 30. Suppose 5 + g = -3*l. What is v(l)?
4
Suppose -16*x + 219 = 155. Let p(h) = h - 6. Calculate p(x).
-2
Let d be 23/7 - 14/49. Suppose 0 = -4*p - 2*y + 28, -d*p + 4*y + 2 = -8. Let m(s) = s - 8. Determine m(p).
-2
Let v(y) = -y**3 + 6*y**2 - 7*y + 5. Let o(d) = 4*d**2 + 24*d. Let l be o(-6). Suppose -2*x = -4*c - 8, -5*c = -2*x - l*c + 8. Give v(x).
9
Let q(y) be the second derivative of 1/20*y**5 + 1/3*y**4 - 3*y**2 - 4/3*y**3 + 3*y + 0. Let i = 72 + -77. What is q(i)?
9
Suppose 9*d = -4*d + 39. Let i(u) = -5*u**3 - u. Let q be i(-1). Suppose -d*t + q = -t. Let l(r) = -3*r + 3. What is l(t)?
-6
Let n = 357 - 369. Let q(h) = -h**3 - 6*h**2 + 7*h + 10. Let l(c) = -c**3 - 5*c**2 + 6*c + 10. Let p(g) = -5*l(g) + 6*q(g). What is p(n)?
10
Let u(w) = 0*w + 1 + 1 - w. Suppose n - 3*d - 7 = 0, 7 + 2 = -5*n + 4*d. What is u(n)?
7
Suppose 4*c + 5 = 9. Let q(t) = -3 + 6*t - 2 + 4 + 0. What is q(c)?
5
Let v(t) = t**2 + 7*t - 2. Suppose -y + 1 + 5 = 3*u, 0 = 3*u - y - 6. Suppose u*w = 7*w + 2*p + 22, 4*w + 8 = -4*p. Calculate v(w).
-8
Suppose 10*s = 6*s - 20. Let u = 9 + s. Let l(n) = 0*n**2 - u + 4*n + n**2 - 2. Give l(-6).
6
Let p(w) = -2*w + 14. Suppose 22*b = 201 + 41. Calculate p(b).
-8
Let j(m) = -9*m + 7*m + 9 + 6*m - 9*m. What is j(-5)?
34
Let c be 616/224 - 3/4. Let n be 2 - (-1 - (2 - 2)). Let m(i) = 0*i**2 - n + i**2 + 2*i**c - 2*i**2. Calculate m(0).
-3
Let w(t) = -t - 7. Suppose 9 = 2*z + 1. Let u be (0 + (z - 4))*-1. Calculate w(u).
-7
Suppose k = -v - 14, 5*k + 56 = -5*v + 7*v. Let y(w) = -3*w - 30. Give y(k).
6
Let x = 24 + -10. Let o(c) = -6*c - 14 + x + 13*c. Give o(2).
14
Suppose -4*q + r = -11, 3*r - 15 = -4*q - 0. Let v(y) = -q*y**2 - y**3 + 4 + 0*y + 2*y + 4*y - 2*y. Let p = -3 + 0. Give v(p).
-8
Let d(z) = 4 + 4*z + 5*z - 5*z + 8*z**2 - 7*z**2. Determine d(-2).
0
Let o = 23 + -20. Let b(k) = -2*k + o*k + 0*k. Suppose 0 = -4*s - 9 - 7. What is b(s)?
-4
Let o(r) be the first derivative of -5*r**4/6 - 2*r + 1. Let m(k) be the first derivative of o(k). Let i be (-36)/30 - -1 - (-4)/(-5). What is m(i)?
-10
Let u(c) be the first derivative of c**4/4 + 3*c**3 + 4*c**2 - 5*c - 14. Suppose 17*z + 128 = z. Calculate u(z).
-5
Let o(b) be the second derivative of b**7/2520 + b**6/72 + b**5/24 - 5*b**4/2 - 20*b. Let q(a) be the third derivative of o(a). What is q(-4)?
-19
Let m(s) = 7*s + 0 - 2 + 5. Let d(f) = -f. Let l(n) = -n**2 + 3*n + 5. Let j be l(5). Let a(x) = j*d(x) - m(x). What is a(-4)?
5
Let f be 4*((-5)/(-10) + -4). Let p be (0 + 5)*f/70. Let j(n) = -3*n**3 + 2*n**2 + n. Calculate j(p).
4
Let g(d) be the first derivative of 0*d**2 - 1/4*d**4 + 17 - 4/3*d**3 - 3*d. Calculate g(-4).
-3
Let n(f) be the first derivative of f**4/4 - f**3 - 5*f**2/2 + 4*f + 1. Let y(h) = 62*h + 500. Let z be y(-8). Calculate n(z).
0
Let s(k) = -2*k + 5. Let x be (18/4)/((-6)/16). Determine s(x).
29
Let c(k) = -k + 29. Let p(j) = 3*j - 85. Let l(a) = 11*c(a) + 4*p(a). Calculate l(13).
-8
Let b(y) = -y**3 + y**2 + y - 4. Let t(h) = h - 1. Let l = 9 - 6. Let n be t(l). Suppose -p = -n*q + 5, 2*q + 4*p - 5 = -25. Calculate b(q).
-4
Let b be 4/(4/(-3) + 2). Let c(j) = -54*j**3 + 6*j**2 - 48*j**3 + 101*j**3 + j - 3*j - 5. Give c(b).
-17
Suppose -3